 digit of (-126)/(-315) - 28148/(-5)?
3
Let y = -14925 - -23195. What is the tens digit of y?
7
Suppose 55*g = 49*g + 24474. Suppose 16*s = 817 + g. What is the hundreds digit of s?
3
Let v(k) = -12*k**2 - 76*k - 6. Let b be v(-6). What is the units digit of ((-2202)/b)/(3/(-9))?
7
Let d(m) = -m**3 - 4*m**2 + 9*m - 6. Let k be d(-6). What is the units digit of (k/42)/(10/175)?
5
Let x = -7056 + 11424. What is the tens digit of x?
6
Let i = -9097 + 14487. What is the tens digit of i?
9
Let n = 4911 - 1241. What is the tens digit of n?
7
Suppose -5*q + 46030 = 5*x, 4*x - 3*q - 5144 - 31687 = 0. What is the thousands digit of x?
9
Let c be (-12)/(-24) + 3/2. What is the tens digit of 2/10 - c/(-20)*2438?
4
Let m = -16954 + 28265. What is the thousands digit of m?
1
Let g(m) = -7*m + 54. Let d(t) = 8*t - 54. Let s(k) = -3*d(k) - 4*g(k). Let o be s(15). Suppose -217 = -o*i + 119. What is the units digit of i?
6
Let w be (-14)/(3/(-6) - 25/(-10)). Let d(h) = -228*h + 105. What is the hundreds digit of d(w)?
7
Let g = -41 + 44. Suppose g*i + 2*a - 16 = 0, 2*i - 2*a = i + 8. Suppose -4*f + 994 = -2*j, 0 = -i*f + 4*f + 2*j + 502. What is the units digit of f?
6
What is the hundreds digit of ((-190)/380)/((-3)/16854)?
8
Let m be (-5)/(-60) - 92/(-48). Suppose 0 = -0*w + m*w - 8, -3*t - 5*w = -956. What is the tens digit of t?
1
Let t = 3584 + 8906. What is the tens digit of t?
9
Suppose 2*y - 36 - 104 = 0. Let a = y + -70. Suppose 0*v - 2*v + 54 = a. What is the tens digit of v?
2
What is the units digit of (0 - (-3 + -4 + 5)) + 231455/5?
3
Let o = 2764 + -1345. Suppose 47 = -2*h + o. What is the tens digit of h?
8
Let s(b) = b**2 - 6*b + 4. Let x be s(5). Let c be -1 - (x - 0)*8227. What is the tens digit of c/63 + 6/14?
3
Let a(h) = 3539*h**3 - 3*h**2 + 14*h - 11. What is the tens digit of a(1)?
3
Let i(q) = 5*q**3 + 21*q**2 + 24*q + 40. Let z(p) = -9*p**3 - 40*p**2 - 49*p - 80. Let l(j) = 7*i(j) + 4*z(j). What is the tens digit of l(-15)?
3
Let c(y) = -10*y**2 + y. Let t be c(1). Let w be (-58)/(-1) - 2 - (t + 11). Let x = -43 + w. What is the tens digit of x?
1
Suppose 0 = -2*h - 2, -4 = 5*o - h - 5. Let r(i) = 2*i**2 - 52. Let y be r(o). Let c = y + 55. What is the units digit of c?
3
Suppose 750*s - 742*s - 24 = 0. Suppose -s*d = 341 - 4355. What is the units digit of d?
8
Let h(z) = -2*z**3 + 38*z**2 - 16*z - 16. Let t be h(-9). Let l = t - 3206. What is the thousands digit of l?
1
Suppose 5*w + 609 = 2*r - 49, -r - 1 = 0. Let n = w - -438. What is the tens digit of n?
0
Suppose -m + 2*m - 292 = 0. Let w = m - 120. Suppose -4*y + w + 144 = 0. What is the tens digit of y?
7
Let d(v) = v**2 - 9*v + 12. Let b be d(8). What is the units digit of (-6 - 22)/b + 360?
3
Let k(g) = -52*g + 739. What is the units digit of k(-23)?
5
Suppose 0 = 2*d + 3*o - 16, 0 = -11*d + 6*d - 2*o + 18. Suppose -23*z + 20*z + 4*u = -788, -d*u + 1296 = 5*z. What is the tens digit of z?
6
Let u = -41 + 44. Suppose 0 = u*t - 18 + 3. Suppose 3*l = t*h - 237, -2*h + 4*h + 5*l - 101 = 0. What is the tens digit of h?
4
Suppose -3*x + 5*q = -2196, 3*x + 725 = 4*x - 4*q. What is the units digit of x?
7
Suppose -2*j + 20 = 12, 2*q + 5*j - 5650 = 0. What is the tens digit of q?
1
Suppose 5017*p = 5005*p + 47304. What is the tens digit of p?
4
Let i(m) = -m**3 - 1. Let p(x) = -5*x**3 - 9*x**2 - 19*x - 17. Let l(r) = -6*i(r) + p(r). What is the units digit of l(11)?
2
Let s = -1237 + 1241. Suppose -3*c + c = -6. Suppose -s*v = -2*u + 32, -29 = -c*u + 3*v + 22. What is the tens digit of u?
1
Suppose -667*d = -659*d - 784. Suppose -d*o + 682 = -96*o. What is the hundreds digit of o?
3
Let j(v) = 17*v + 4. Let s(r) = 2*r. Let y(w) = j(w) - 4*s(w). What is the units digit of y(6)?
8
Suppose -b + 5*b = 520. Let g = -3350 - -3370. What is the units digit of (-18)/26*-20 + g/b?
4
Let x(l) = l**3 + 11*l**2 - 59*l - 69. What is the units digit of x(5)?
6
Suppose 2*v = -2*v + 112. Suppose 2*s = 6*s - v. Suppose -523 = -5*w + s. What is the units digit of w?
6
Let i = -1213 - -763. Let p = i - -722. What is the units digit of p?
2
Suppose -5*h + 31635 - 8149 = -4*t, 1 = t. What is the thousands digit of h?
4
Suppose -j - 5*l + 7262 = -6076, 0 = -5*j - 5*l + 66610. What is the units digit of j?
8
Let v(o) = o**3 + 30*o**2 + 44*o + 260. What is the thousands digit of v(-23)?
2
Let b(y) = 3*y**3 + 3*y**2 + y + 9. Let l be b(6). Suppose l = 2*d + 3*v, -v = d - 3*v - 403. What is the tens digit of d?
9
Suppose -143*j - 102446 = -148*j - r, 4*j + 5*r = 81961. What is the ten thousands digit of j?
2
Suppose 0 = -5*h + 2*h + 15. Suppose z + 77 = 2*z - 4*q, 0 = q + 3. Suppose -z = h*m - 1340. What is the hundreds digit of m?
2
Suppose p + 3*h - 5273 - 1021 = 0, -25125 = -4*p + 5*h. What is the units digit of p?
5
Suppose 130 = 3*z + 4*v, -z + 5*v + 45 = 8*v. Suppose 26*t + 8368 = z*t. What is the tens digit of t?
2
Suppose -5*a = 3*m - 10, m - 3*m + 5 = 5*a. Suppose -4*f + 6*v + 1707 = 9*v, -2133 = -m*f - 4*v. What is the hundreds digit of f?
4
Let y(r) = 94*r**3 - 2*r**2 - 23*r + 17. What is the tens digit of y(5)?
0
What is the hundreds digit of (6 - 5)/(-5 + (-18)/(-4))*-6589?
1
Let i = 1004 + 842. Suppose i + 584 = 9*u. What is the hundreds digit of u?
2
Let t be 3 - 2 - (-2 - 0). Suppose -q + 2*g + 3*g + 25 = 0, -4*q + 32 = -t*g. Suppose -q*u - 36 = -216. What is the units digit of u?
6
Suppose -9*k - 5*k - 896 = 0. Let i = k + 58. What is the units digit of (243/i - 3)*-4?
4
Let f(o) = -11*o**2 + 636*o + 66. What is the tens digit of f(31)?
1
Suppose 0 = -24*d + 11786 + 15413 - 9055. What is the units digit of d?
6
Let b = 44 + -34. Let i(f) = f**3 - 9*f**2 - 10*f + 4. Let u be i(b). Suppose 0 = u*c - 10 - 2. What is the units digit of c?
3
Let k(s) = s**3 - 28*s**2 + 6*s + 136. What is the units digit of k(33)?
9
Let i(l) be the third derivative of -13*l**4/24 - 37*l**3/6 - l**2. Let r be i(-8). Suppose -r*b + 64*b = -372. What is the units digit of b?
4
Let q(p) = 948*p - 57. Let n be (-1 - (-5)/6)*-6. What is the units digit of q(n)?
1
Let y = -37 - -46. Suppose 6*s = y*s - 1332. Let k = s - 298. What is the hundreds digit of k?
1
Let g be 23/(-230) + (-311)/(-10). Suppose g*r - 3276 = 13*r. What is the hundreds digit of r?
1
Let f(i) = 7*i**2 + 59*i + 2958. What is the tens digit of f(-67)?
2
Let n(k) = k**2 + 6*k - 10. Let i be n(-9). Suppose 769 + 2495 = i*d. What is the units digit of d?
2
Let o(z) = -722*z - 7 + 910*z - 8. What is the units digit of o(4)?
7
Suppose -a = 2*b - 11, 9*b - 4*b - 3*a = 0. Let n = -1008 + 1440. Suppose b*q - 7*q = -n. What is the units digit of q?
8
Let b(n) = 3*n**3 + 95*n**2 - 36*n - 2. Let c be b(-32). Let g = c + 294. What is the units digit of g?
0
Let s = 90783 - 46722. What is the thousands digit of s?
4
Suppose 14285 + 275255 = 95*a + 29*a. What is the thousands digit of a?
2
Suppose -9*j = 2*r - 7*j + 2168, 5*r - 4*j = -5384. Let y = r - -1661. What is the hundreds digit of y?
5
Let f(y) = -y**2 - 17*y - 26. Let z = 54 - 69. Let a be f(z). Suppose -136 = -a*d + 32. What is the units digit of d?
2
Let s(k) = -k**3 + 3*k**2 + 5*k - 4. Let y be s(4). Suppose 3*r = -3*w + 27, -2*r = 3*w + 3*r - 31. Let v = w - y. What is the units digit of v?
7
Let t(n) = 39*n + 64. Suppose -3*x + 7*a = 2*a - 32, 3 = -3*a. What is the tens digit of t(x)?
1
Let m(t) = 8*t + 52. Let y(x) = -2*x - 13. Let k(o) = 2*m(o) + 9*y(o). Let s be k(-5). What is the tens digit of (-8)/12 - 71/s?
2
Let z be (-13158)/(-42) - ((-148)/(-28) + -5). Let a(l) = -l + 2. Let y be a(2). Suppose 5*t - f - z = f, y = 2*t - 4*f - 138. What is the tens digit of t?
6
Suppose 24*z - 182 = 202. Let m = 261 + z. What is the hundreds digit of m?
2
Let m(v) = 2*v**3 - 48*v**2 - 111*v + 550. What is the units digit of m(40)?
0
Let a(z) be the second derivative of -z**5/20 + z**4 + 8*z**3/3 - 31*z**2/2 + 5*z. Let p be ((-4)/12)/(16/(-624)). What is the units digit of a(p)?
8
Let b(i) = -1330*i + 89. What is the units digit of b(-5)?
9
Let p = -61108 - -111076. What is the tens digit of p?
6
Let i = 52 - 42. What is the units digit of (i - 8) + (-90)/(-1)?
2
Let i(p) = 117 - 2*p**3 + p - 6*p + 6*p. Suppose -39*u + 41*u = 0. What is the units digit of i(u)?
7
Suppose -346085 = -29*v + 277107 - 207129. What 